*x + 58 = -3*v + v. Let t = 25 - x. What is the greatest common factor of t and p?
10
Let c be (-3)/(-9)*(0 + 27). Suppose c + 1 = 2*f. Suppose z = g + g - 21, z - 56 = -f*g. Calculate the highest common divisor of g and 22.
11
Let q = -40 - -59. What is the highest common divisor of q and 19?
19
Suppose y + 4*c + 2 = 7, 5*c = -2*y + 10. Suppose 18 = y*z - 7. Calculate the greatest common factor of z and 2.
1
Suppose -13 = -3*d + 23. Calculate the highest common factor of 102 and d.
6
Let n = -15 - -31. Calculate the greatest common divisor of n and 144.
16
Suppose 5*y = m + 9, -2*y + 9 = 3*m + 2*m. Let z(i) = i + 3 - 4*i + y*i. Let g be z(-3). Calculate the greatest common divisor of 66 and g.
6
Let y = -30 - -62. Let g = 28 + y. What is the greatest common divisor of 15 and g?
15
Let r(q) = 14*q - 24. Let a be r(6). Calculate the highest common divisor of 24 and a.
12
Let g be (-1)/4 - (-333)/(-12). Let x be (0 - -33)*g/(-6). Let v be 5/((-15)/(-36)) - -2. What is the highest common divisor of v and x?
14
Suppose h - 10 = -2*f - 3*h, 0 = -3*f - 3*h. Let p be -27*-4*f/(-6). What is the highest common factor of 10 and p?
10
Let c = 3 - -1. Let j(d) = -d**3 - 8*d**2 - 10*d - 8. Let r be j(-8). Suppose a = -a + r. Calculate the greatest common factor of c and a.
4
Let z(r) = r + 50. Let d be z(-18). Calculate the highest common divisor of d and 8.
8
Let j = 17 + -8. What is the highest common factor of j and 63?
9
Let o(p) = -18*p + 9. Let l be o(-8). Calculate the greatest common divisor of l and 17.
17
Suppose 3*h = -4*t + 68, 5*t + h - 87 = 9. Suppose 4*g + t = 5*g. Suppose -3*k = -k - 80. Calculate the greatest common factor of k and g.
20
Let n(k) = -43 + 274 + 91 + k. Let s be n(0). Let a = s - 186. Calculate the highest common factor of 17 and a.
17
Suppose -2*t - 3 = 5. Let c be (-5 + 1)*3/t. Suppose c*b + b = 16. What is the greatest common factor of 8 and b?
4
Let s be (12*1)/(-2 - -3). Let t be (37 - 1)*(-30)/(-90). What is the greatest common factor of s and t?
12
Let k = -3 + 7. Suppose -p + k = -0*p. What is the highest common factor of 8 and p?
4
Suppose -v = 4*h - 143, 2*h + h - 681 = -5*v. Suppose -4*r - 61 + 169 = -c, 108 = 4*r + 4*c. Calculate the highest common factor of r and v.
27
Let o be (-38)/(-14) - (-4)/14. Suppose -y - 2*z + 5*z = 19, 0 = -o*y + 4*z - 42. Let a be (45/10)/((-1)/y). What is the highest common divisor of a and 9?
9
Let y(a) = -a - 5*a + 3 + 3*a + 2*a. Let m be y(-3). What is the greatest common divisor of 3 and m?
3
Suppose 3*z - 100 = -5*u + z, 0 = 4*z. What is the greatest common factor of u and 160?
20
Suppose 0 = -x - 3*x - 32. Let z(d) = -2*d. Let h be z(x). What is the greatest common divisor of h and 4?
4
Let k be ((-92)/6)/((-3)/18). Suppose -5*o - w + 152 = 0, k = 4*o + 3*w - 34. What is the greatest common factor of o and 5?
5
Let n(h) = -44*h - 3. Let u be n(-2). Let o(m) = m**3 + 3*m**2 - 6*m - 6. Let b be o(-4). Let z = b - -32. What is the greatest common factor of u and z?
17
Suppose 3*m + 5*c = 2*m + 2, 0 = 2*m - 4*c - 4. Let w = 106 - m. Suppose 0 = 5*b - b - w. Calculate the greatest common divisor of 39 and b.
13
Suppose 510 = f + 4*f. Let z = f - 42. What is the highest common factor of z and 24?
12
Let b be ((-20)/(-6))/(2 + (-112)/60). What is the greatest common factor of b and 50?
25
Let m be (12/8)/(1/2). What is the greatest common factor of 1 and m?
1
Let l = -10 + 15. Let j = 4 - l. Let d be 5/((-5)/(-3)) + j. What is the greatest common divisor of 3 and d?
1
Let p(h) = 10*h**2 + h + 3. Let l be p(2). Calculate the greatest common factor of l and 30.
15
Let c(m) = -m**3 + 11*m**2 + 18*m - 16. Let q be c(12). Calculate the greatest common factor of 42 and q.
14
Suppose -3*r + 54 = 3*r. Let o = -4 + 7. Suppose -o*g = -4*g + 99. Calculate the greatest common divisor of g and r.
9
Let g(t) = -t**2 - 12*t - 6. Let x be g(-11). Let o be 20/(3 + (3 - x)). Calculate the greatest common factor of o and 10.
10
Suppose -w - 4*w + 165 = 0. Let r = w - 19. Suppose 5*u + 5 - 1 = -3*x, -5*u = 10. Calculate the highest common divisor of r and x.
2
Suppose 0 = -z + r + 7, z + 3*r - 4 = r. Let g = -5 - -14. What is the greatest common factor of z and g?
3
Suppose -3*v + 2424 = 5*o, 199 + 279 = o + 4*v. Calculate the highest common divisor of o and 54.
54
Let k = -2 + 2. Let q = 0 + k. Let t be 117 - (1 - q - 3). What is the highest common factor of 17 and t?
17
Let x(c) = -c**2 + 7*c - 1. Let g be x(6). Let v(i) = -i**2 + 9*i + 3. Let a be v(g). Calculate the highest common factor of a and 92.
23
Suppose 0*a = -5*a + 190. Suppose -2*u + 2 = 0, -u + 5*u = j - 15. What is the highest common factor of a and j?
19
Let d(p) = -4*p - 3 + p**2 + 4*p. Suppose -2 = -k, 15 = 3*y + 3*k - 0*k. Let g be d(y). What is the greatest common divisor of 42 and g?
6
Let m = -8 + 4. Let p(n) = -14*n. Let b be p(m). Let v = -15 - -29. Calculate the highest common divisor of v and b.
14
Suppose -r + 3 = 5*x + 6, -x = 2*r - 30. Suppose -2*p + v - 6*v - 23 = 0, r = 2*p - 3*v. Let t = p + 0. What is the greatest common divisor of t and 7?
1
Suppose -20 = -l + 35. What is the highest common divisor of 5 and l?
5
Suppose 10*q - 127 - 93 = 0. Calculate the highest common factor of q and 220.
22
Let r(y) = y**3 + 18*y**2 + 2*y - 39. Let o be r(-17). What is the greatest common factor of 24 and o?
24
Suppose 3*w + 12 = 6*w, -2*w = -5*f + 87. Calculate the highest common divisor of f and 57.
19
Let s(p) = p**2 + p - 2. Let l be s(2). Suppose 0*j + 4*j + 36 = l*n, 0 = 3*n + j - 15. What is the highest common divisor of n and 9?
3
Let w be (-2)/6 - (-2166)/18. What is the highest common factor of 30 and w?
30
Suppose -21 = -z + 56. Let d(r) = -r**2 + 2*r**2 + 5 + 4 - 2. Let c be d(0). What is the highest common divisor of c and z?
7
Let a be 3 - (-77 - -3 - 3). What is the greatest common divisor of a and 16?
16
Let i(j) = -j**3 + 4*j**2 + 2*j - 6. Let b be i(4). Suppose 0*c - 3*c + 42 = 0. Calculate the greatest common factor of b and c.
2
Let d be 2/((-9)/(-6) + -1). Suppose -2*y - 10 = -d*j + 20, 5*y = -3*j + 3. What is the greatest common divisor of j and 24?
6
Let j = -20 + 41. Calculate the greatest common factor of j and 84.
21
Suppose 65 + 95 = 3*w - 4*i, 5*w = 2*i + 262. Calculate the highest common factor of w and 13.
13
Let a be ((-5)/(-2))/((-2)/8). Let z be 5/a + 158/4. Suppose 0 = 4*u + q - 59, -4*u - 5*q + 0*q = -z. What is the highest common factor of 8 and u?
8
Suppose -4*p - 64 = -3*x, 5*x - p + 0*p - 84 = 0. Let c = -10 + x. Suppose 0 = b - c*b + 55. Calculate the greatest common factor of b and 22.
11
Suppose 2*g + g = -2*u + 11, -2*u - 2*g + 10 = 0. What is the highest common factor of 10 and u?
2
Let x = 35 + 28. Calculate the highest common divisor of 7 and x.
7
Let m = 65 - 35. What is the highest common divisor of m and 75?
15
Let q = 8 - -37. Suppose 4*h + 3*g - 57 = 27, -2*h + 52 = 4*g. Calculate the greatest common factor of h and q.
9
Suppose 0 = -4*c + c + 6. Let w = 22 - c. Calculate the highest common factor of 4 and w.
4
Suppose r = -f - f + 13, -5*f = -2*r - 10. Suppose s = f*s - 24. Let j(q) = q**2 - 8*q + 10. Let h be j(s). Calculate the highest common factor of h and 90.
10
Let m be (12/(-5))/(-1) + (-3)/(-5). Suppose -4*g - 3 = -5*g. Calculate the highest common divisor of m and g.
3
Let p = -321 - -693. Suppose 0*h + p = 3*h. Suppose -5*v = 5*f - 43 - 97, -4*f = v - h. What is the greatest common divisor of 4 and f?
4
Let z(m) = -m**2 - 19*m - 38. Let p be z(-13). Calculate the greatest common factor of 16 and p.
8
Let u = -80 - -95. Let f(d) = -11*d - 3. Let v be f(-3). What is the highest common factor of v and u?
15
Let q(j) = 7*j + 11. Let v be q(7). Let s = v + -33. What is the highest common factor of 54 and s?
27
Suppose 0 = -7*c + 17*c - 1200. What is the greatest common factor of 24 and c?
24
Let j be (-1)/4 + 18/8. Suppose 0 = 3*c - j*c - 13. Let h(o) = -10*o - 15. Let m be h(-8). What is the highest common factor of m and c?
13
Suppose 0 = -3*n - 8 - 7. Let c = 21 + n. What is the greatest common factor of c and 16?
16
Let v = 92 + -38. What is the highest common divisor of v and 81?
27
Let y(m) = 9*m**3 + 1. Let z be y(1). Suppose 0 = 3*i - 8 - z. Let d be 85/(-1 + 6) + -